of 238949140?
1
What is the hundred millions digit of 609648151?
6
What is the thousands digit of 758939316?
9
What is the hundred thousands digit of 2410194281?
1
What is the ten thousands digit of 2538942283?
4
What is the hundred millions digit of 6223905705?
2
What is the tens digit of 627943945?
4
What is the hundreds digit of 36569758?
7
What is the units digit of 4747820793?
3
What is the thousands digit of 362023760?
3
What is the hundred thousands digit of 4952064447?
0
What is the hundred thousands digit of 183052138?
0
What is the hundred millions digit of 752151458?
7
What is the hundreds digit of 231171633?
6
What is the millions digit of 1651483556?
1
What is the hundreds digit of 6047265283?
2
What is the units digit of 1222672603?
3
What is the tens digit of 99623819?
1
What is the thousands digit of 138690247?
0
What is the hundreds digit of 522143010?
0
What is the ten thousands digit of 129135398?
3
What is the hundred thousands digit of 829584937?
5
What is the billions digit of 1644078263?
1
What is the millions digit of 80341013?
0
What is the ten millions digit of 2118809926?
1
What is the hundred thousands digit of 66004456?
0
What is the millions digit of 60991338?
0
What is the thousands digit of 35863515?
3
What is the hundreds digit of 13643192?
1
What is the ten millions digit of 36082373?
3
What is the hundreds digit of 819323215?
2
What is the hundred thousands digit of 2546486668?
4
What is the millions digit of 4814177762?
4
What is the millions digit of 89770279?
9
What is the units digit of 170354986?
6
What is the ten millions digit of 65974309?
6
What is the ten millions digit of 6226692700?
2
What is the hundreds digit of 4137069210?
2
What is the units digit of 534763159?
9
What is the tens digit of 436754032?
3
What is the ten millions digit of 109935274?
0
What is the hundred thousands digit of 175277659?
2
What is the units digit of 73124517?
7
What is the millions digit of 16762700?
6
What is the ten thousands digit of 335734891?
3
What is the hundred millions digit of 424661316?
4
What is the tens digit of 542476385?
8
What is the hundreds digit of 952424076?
0
What is the ten thousands digit of 83449864?
4
What is the ten thousands digit of 1422024370?
2
What is the units digit of 44344319?
9
What is the ten thousands digit of 57718138?
1
What is the tens digit of 2652568932?
3
What is the hundred millions digit of 2012760984?
0
What is the millions digit of 8483941?
8
What is the units digit of 6799714?
4
What is the millions digit of 4616332?
4
What is the tens digit of 549714580?
8
What is the thousands digit of 185198141?
8
What is the tens digit of 3090258?
5
What is the ten millions digit of 111271634?
1
What is the hundred millions digit of 169426932?
1
What is the ten millions digit of 21755060?
2
What is the ten millions digit of 11043007?
1
What is the hundred millions digit of 319244679?
3
What is the hundred thousands digit of 244358176?
3
What is the hundreds digit of 1773889631?
6
What is the ten thousands digit of 96157898?
5
What is the ten thousands digit of 3882589745?
8
What is the units digit of 175853591?
1
What is the units digit of 8021965?
5
What is the hundred thousands digit of 32710466?
7
What is the tens digit of 49451571?
7
What is the tens digit of 12633329?
2
What is the units digit of 5480457510?
0
What is the ten millions digit of 52121993?
5
What is the units digit of 567150887?
7
What is the thousands digit of 1136370535?
0
What is the units digit of 202922744?
4
What is the tens digit of 24850134?
3
What is the hundred millions digit of 1487430597?
4
What is the billions digit of 2033350123?
2
What is the millions digit of 96467536?
6
What is the tens digit of 101660539?
3
What is the millions digit of 21777159?
1
What is the thousands digit of 5581079?
1
What is the billions digit of 3616912144?
3
What is the ten thousands digit of 107551904?
5
What is the millions digit of 1080754497?
0
What is the ten thousands digit of 172491766?
9
What is the billions digit of 2565266566?
2
What is the units digit of 55301540?
0
What is the millions digit of 6371526?
6
What is the tens digit of 87262221?
2
What is the hundred thousands digit of 4667237005?
2
What is the tens digit of 5358423?
2
What is the units digit of 892352566?
6
What is the units digit of 5217690276?
6
What is the hundreds digit of 130211815?
8
What is the ten millions digit of 778902251?
7
What is the hundred thousands digit of 263154902?
1
What is the tens digit of 2059444311?
1
What is the tens digit of 21634175?
7
What is the hundred millions digit of 265090493?
2
What is the ten thousands digit of 668453056?
5
What is the hundred millions digit of 346806519?
3
What is the ten thousands digit of 1586566588?
6
What is the hundred thousands digit of 167130629?
1
What is the thousands digit of 45367503?
7
What is the units digit of 44267108?
8
What is the tens digit of 6196708?
0
What is the hundreds digit of 489509613?
6
What is the ten millions digit of 185862691?
8
What is the ten thousands digit of 893963628?
6
What is the hundreds digit of 673386401?
4
What is the units digit of 116903221?
1
What is the thousands digit of 44006268?
6
What is the tens digit of 52812369?
6
What is the units digit of 7029431?
1
What is the hundreds digit of 1130818440?
4
What is the units digit of 396350185?
5
What is the billions digit of 1469201246?
1
What is the hundred thousands digit of 6088307225?
3
What is the thousands digit of 26207249?
7
What is the millions digit of 420720671?
0
What is the units digit of 137381461?
1
What is the hundreds digit of 120674052?
0
What is the ten millions digit of 1803674117?
0
What is the hundreds digit of 6385363302?
3
What is the units digit of 294975760?
0
What is the thousands digit of 1018919169?
9
What is the hundreds digit of 2171912942?
9
What is the hundreds digit of 13170040?
0
What is the tens digit of 212441565?
6
What is the units digit of 1308714432?
2
What is the billions digit of 1722555149?
1
What is the units digit of 54804191?
1
What is the ten millions digit of 61458811?
6
What is the hundreds digit of 505490988?
9
What is the hundreds digit of 8908617675?
6
What is the hundred millions digit of 337899487?
3
What is the tens digit of 116409266?
6
What is the tens digit of 5170474152?
5
What is the thousands digit of 375713181?
3
What is the millions digit of 200315005?
0
What is the ten thousands digit of 299539779?
3
What is the thousands digit of 417089972?
9
What is the hundreds digit of 3500052906?
9
What is the thousands digit of 74702668?
2
What is the hundreds digit of 18213564?
5
What is the units digit of 477152650?
0
What is the ten millions digit of 91778360?
9
What is the billions digit of 1668722817?
1
What is the millions digit of 1459923304?
9
What is the hundred thousands digit of 200885600?
8
What is the hundred millions digit of 361002967?
3
What is the hundreds digit of 331688464?
4
What is the thousands digit of 112427911?
7
What is the tens digit of 231624144?
4
What is the hundreds digit of 49191804?
8
What is the hundred millions digit of 544184980?
5
What is the hundred thousands digit of 161093226?
0
What is the millions digit of 98990866?
8
What is the hundred millions digit of 996728274?
9
What is the units digit of 1162703633?
3
What is the hundred millions digit of 275339002?
2
What is the thousands digit of 7422231123?
1
What is the hundreds digit of 4209097751?
7
What is the units digit of 471200027?
7
What is the ten thousands digit of 2164780835?
8
What is the millions digit of 7763452044?
3
What is the millions digit of 1975056?
1
What is the ten millions digit of 495559272?
9
What is the ten thousands digit of 186768472?
6
What is the units digit of 233198893?
3
What is the ten millions digit of 47986457?
4
What is the hundreds digit of 5189356592?
5
What is the units digit of 826318123?
3
What is the tens digit of 7615131658?
5
What is the hundreds digit of 93734772?
7
What is the ten millions digit of 52519495?
5
What is the millions digit of 177058668?
7
What is the thousands digit of 61269984?
9
What is the hundred millions digit of 106885483?
1
What is the ten thousands digit of 584501720?
0
What is the hundreds 